{"id":201,"date":"2025-04-14T20:53:32","date_gmt":"2025-04-14T20:53:32","guid":{"rendered":"https:\/\/ybse.org.tr\/?page_id=201"},"modified":"2025-04-14T21:06:49","modified_gmt":"2025-04-14T21:06:49","slug":"haber","status":"publish","type":"page","link":"https:\/\/ybse.org.tr\/?page_id=201","title":{"rendered":""},"content":{"rendered":"\n<h2 class=\"wp-block-heading has-text-align-left\">DE\u00dc YBS OLARAK 12. KAMU B\u0130L\u0130\u015e\u0130M Z\u0130RVES\u0130\u2019NDEY\u0130Z.<\/h2>\n\n\n\n<hr class=\"wp-block-separator has-alpha-channel-opacity\"\/>\n\n\n\n<hr class=\"wp-block-separator has-alpha-channel-opacity is-style-wide\"\/>\n\n\n\n<p class=\"has-text-align-left\">DE\u00dc YBS olarak 12. Kamu Bili\u015fim Zirvesi\u2019ndeyiz.<br>600\u2019den fazla kamu bili\u015fim y\u00f6neticileri ve \u00f6zel sekt\u00f6r temsilcilerinin haz\u0131r bulundu\u011fu zirveye<br>&#8220;GeoAI ile Gelece\u011fi \u015eekillendirmek: Co\u011frafi Bilgi Sistemlerinde Yapay Zekan\u0131n G\u00fcc\u00fc&#8221; ba\u015fl\u0131kl\u0131 sunum ile katk\u0131da bulunma imkan\u0131m\u0131z oldu.<br>Prof.Dr. <a href=\"https:\/\/www.linkedin.com\/in\/ACoAAAB9UJgBv4KjgzdAH4FzG0xZMjQysRXmvqc\"><\/a><a href=\"https:\/\/www.linkedin.com\/in\/izzetgokhanozbilgin\/\">\u0130zzet G\u00f6khan \u00d6.<\/a> \u2018in organize etti\u011fi Zirve organizasyonuna DE\u00dc YBS \u00f6\u011frencilerimiz ile katk\u0131 vermekten de ayr\u0131ca mutluyuz.<\/p>\n\n\n\n<hr class=\"wp-block-separator has-alpha-channel-opacity is-style-wide\"\/>\n\n\n\n<figure class=\"wp-block-image size-large is-resized\"><img loading=\"lazy\" decoding=\"async\" width=\"1024\" height=\"856\" src=\"https:\/\/ybse.org.tr\/wp-content\/uploads\/2025\/04\/1744446711235-1024x856.jpeg\" alt=\"\" class=\"wp-image-204\" style=\"width:820px;height:auto\" srcset=\"https:\/\/ybse.org.tr\/wp-content\/uploads\/2025\/04\/1744446711235-1024x856.jpeg 1024w, https:\/\/ybse.org.tr\/wp-content\/uploads\/2025\/04\/1744446711235-300x251.jpeg 300w, https:\/\/ybse.org.tr\/wp-content\/uploads\/2025\/04\/1744446711235-768x642.jpeg 768w, https:\/\/ybse.org.tr\/wp-content\/uploads\/2025\/04\/1744446711235-1536x1284.jpeg 1536w, https:\/\/ybse.org.tr\/wp-content\/uploads\/2025\/04\/1744446711235.jpeg 1837w\" sizes=\"auto, (max-width: 1024px) 100vw, 1024px\" \/><\/figure>\n\n\n\n<figure class=\"wp-block-image size-large is-resized\"><img loading=\"lazy\" decoding=\"async\" width=\"768\" height=\"1024\" src=\"https:\/\/ybse.org.tr\/wp-content\/uploads\/2025\/04\/1744446712490-768x1024.jpeg\" alt=\"\" class=\"wp-image-205\" style=\"width:823px;height:auto\" srcset=\"https:\/\/ybse.org.tr\/wp-content\/uploads\/2025\/04\/1744446712490-768x1024.jpeg 768w, https:\/\/ybse.org.tr\/wp-content\/uploads\/2025\/04\/1744446712490-225x300.jpeg 225w, https:\/\/ybse.org.tr\/wp-content\/uploads\/2025\/04\/1744446712490-1152x1536.jpeg 1152w, https:\/\/ybse.org.tr\/wp-content\/uploads\/2025\/04\/1744446712490.jpeg 1280w\" sizes=\"auto, (max-width: 768px) 100vw, 768px\" \/><\/figure>\n\n\n\n<figure class=\"wp-block-image size-large is-resized\"><img loading=\"lazy\" decoding=\"async\" width=\"1024\" height=\"683\" src=\"https:\/\/ybse.org.tr\/wp-content\/uploads\/2025\/04\/1744446714305-1024x683.jpeg\" alt=\"\" class=\"wp-image-206\" style=\"width:828px;height:auto\" srcset=\"https:\/\/ybse.org.tr\/wp-content\/uploads\/2025\/04\/1744446714305-1024x683.jpeg 1024w, https:\/\/ybse.org.tr\/wp-content\/uploads\/2025\/04\/1744446714305-300x200.jpeg 300w, https:\/\/ybse.org.tr\/wp-content\/uploads\/2025\/04\/1744446714305-768x512.jpeg 768w, https:\/\/ybse.org.tr\/wp-content\/uploads\/2025\/04\/1744446714305-1536x1024.jpeg 1536w, https:\/\/ybse.org.tr\/wp-content\/uploads\/2025\/04\/1744446714305.jpeg 2048w\" sizes=\"auto, (max-width: 1024px) 100vw, 1024px\" \/><\/figure>\n\n\n\n<figure class=\"wp-block-image size-large is-resized\"><img loading=\"lazy\" decoding=\"async\" width=\"1024\" height=\"683\" src=\"https:\/\/ybse.org.tr\/wp-content\/uploads\/2025\/04\/1744446713728-1024x683.jpeg\" alt=\"\" class=\"wp-image-207\" style=\"width:830px;height:auto\" srcset=\"https:\/\/ybse.org.tr\/wp-content\/uploads\/2025\/04\/1744446713728-1024x683.jpeg 1024w, https:\/\/ybse.org.tr\/wp-content\/uploads\/2025\/04\/1744446713728-300x200.jpeg 300w, https:\/\/ybse.org.tr\/wp-content\/uploads\/2025\/04\/1744446713728-768x512.jpeg 768w, https:\/\/ybse.org.tr\/wp-content\/uploads\/2025\/04\/1744446713728-1536x1024.jpeg 1536w, https:\/\/ybse.org.tr\/wp-content\/uploads\/2025\/04\/1744446713728.jpeg 2048w\" sizes=\"auto, (max-width: 1024px) 100vw, 1024px\" \/><\/figure>\n\n\n<div class=\"wp-block-post-date\"><time datetime=\"2025-04-14T20:53:32+00:00\">Nisan 14, 2025<\/time><\/div>","protected":false},"excerpt":{"rendered":"<p>DE\u00dc YBS OLARAK 12. KAMU B\u0130L\u0130\u015e\u0130M Z\u0130RVES\u0130\u2019NDEY\u0130Z. DE\u00dc YBS olarak 12. Kamu Bili\u015fim Zirvesi\u2019ndeyiz.600\u2019den fazla kamu bili\u015fim y\u00f6neticileri ve \u00f6zel sekt\u00f6r temsilcilerinin haz\u0131r bulundu\u011fu zirveye&#8220;GeoAI ile Gelece\u011fi \u015eekillendirmek: Co\u011frafi Bilgi Sistemlerinde Yapay Zekan\u0131n G\u00fcc\u00fc&#8221; ba\u015fl\u0131kl\u0131 sunum ile katk\u0131da bulunma imkan\u0131m\u0131z oldu.Prof.Dr. \u0130zzet G\u00f6khan \u00d6. \u2018in organize etti\u011fi Zirve organizasyonuna DE\u00dc YBS \u00f6\u011frencilerimiz ile katk\u0131 vermekten [&hellip;]<\/p>\n","protected":false},"author":3,"featured_media":0,"parent":0,"menu_order":0,"comment_status":"closed","ping_status":"closed","template":"","meta":{"footnotes":""},"class_list":["post-201","page","type-page","status-publish","hentry"],"yoast_head":"<!-- This site is optimized with the Yoast SEO plugin v26.8 - https:\/\/yoast.com\/product\/yoast-seo-wordpress\/ -->\n<title>- Y\u00f6netim Bili\u015fim Sistemleri Enstit\u00fcs\u00fc<\/title>\n<meta name=\"robots\" content=\"index, follow, max-snippet:-1, max-image-preview:large, max-video-preview:-1\" \/>\n<link rel=\"canonical\" href=\"https:\/\/ybse.org.tr\/?page_id=201\" \/>\n<meta property=\"og:locale\" content=\"tr_TR\" \/>\n<meta property=\"og:type\" content=\"article\" \/>\n<meta property=\"og:title\" content=\"- Y\u00f6netim Bili\u015fim Sistemleri Enstit\u00fcs\u00fc\" \/>\n<meta property=\"og:description\" content=\"DE\u00dc YBS OLARAK 12. KAMU B\u0130L\u0130\u015e\u0130M Z\u0130RVES\u0130\u2019NDEY\u0130Z. DE\u00dc YBS olarak 12. Kamu Bili\u015fim Zirvesi\u2019ndeyiz.600\u2019den fazla kamu bili\u015fim y\u00f6neticileri ve \u00f6zel sekt\u00f6r temsilcilerinin haz\u0131r bulundu\u011fu zirveye&#8220;GeoAI ile Gelece\u011fi \u015eekillendirmek: Co\u011frafi Bilgi Sistemlerinde Yapay Zekan\u0131n G\u00fcc\u00fc&#8221; ba\u015fl\u0131kl\u0131 sunum ile katk\u0131da bulunma imkan\u0131m\u0131z oldu.Prof.Dr. \u0130zzet G\u00f6khan \u00d6. \u2018in organize etti\u011fi Zirve organizasyonuna DE\u00dc YBS \u00f6\u011frencilerimiz ile katk\u0131 vermekten [&hellip;]\" \/>\n<meta property=\"og:url\" content=\"https:\/\/ybse.org.tr\/?page_id=201\" \/>\n<meta property=\"og:site_name\" content=\"Y\u00f6netim Bili\u015fim Sistemleri Enstit\u00fcs\u00fc\" \/>\n<meta property=\"article:modified_time\" content=\"2025-04-14T21:06:49+00:00\" \/>\n<meta property=\"og:image\" content=\"https:\/\/ybse.org.tr\/wp-content\/uploads\/2025\/04\/1744446711235.jpeg\" \/>\n\t<meta property=\"og:image:width\" content=\"1837\" \/>\n\t<meta property=\"og:image:height\" content=\"1536\" \/>\n\t<meta property=\"og:image:type\" content=\"image\/jpeg\" \/>\n<meta name=\"twitter:card\" content=\"summary_large_image\" \/>\n<meta name=\"twitter:label1\" content=\"Tahmini okuma s\u00fcresi\" \/>\n\t<meta name=\"twitter:data1\" content=\"2 dakika\" \/>\n<script type=\"application\/ld+json\" class=\"yoast-schema-graph\">{\"@context\":\"https:\/\/schema.org\",\"@graph\":[{\"@type\":\"WebPage\",\"@id\":\"https:\/\/ybse.org.tr\/?page_id=201\",\"url\":\"https:\/\/ybse.org.tr\/?page_id=201\",\"name\":\"- Y\u00f6netim Bili\u015fim Sistemleri Enstit\u00fcs\u00fc\",\"isPartOf\":{\"@id\":\"https:\/\/ybse.org.tr\/#website\"},\"primaryImageOfPage\":{\"@id\":\"https:\/\/ybse.org.tr\/?page_id=201#primaryimage\"},\"image\":{\"@id\":\"https:\/\/ybse.org.tr\/?page_id=201#primaryimage\"},\"thumbnailUrl\":\"https:\/\/ybse.org.tr\/wp-content\/uploads\/2025\/04\/1744446711235-1024x856.jpeg\",\"datePublished\":\"2025-04-14T20:53:32+00:00\",\"dateModified\":\"2025-04-14T21:06:49+00:00\",\"inLanguage\":\"tr\",\"potentialAction\":[{\"@type\":\"ReadAction\",\"target\":[\"https:\/\/ybse.org.tr\/?page_id=201\"]}]},{\"@type\":\"ImageObject\",\"inLanguage\":\"tr\",\"@id\":\"https:\/\/ybse.org.tr\/?page_id=201#primaryimage\",\"url\":\"https:\/\/ybse.org.tr\/wp-content\/uploads\/2025\/04\/1744446711235.jpeg\",\"contentUrl\":\"https:\/\/ybse.org.tr\/wp-content\/uploads\/2025\/04\/1744446711235.jpeg\",\"width\":1837,\"height\":1536},{\"@type\":\"WebSite\",\"@id\":\"https:\/\/ybse.org.tr\/#website\",\"url\":\"https:\/\/ybse.org.tr\/\",\"name\":\"Y\u00f6netim Bili\u015fim Sistemleri Enstit\u00fcs\u00fc\",\"description\":\"\",\"publisher\":{\"@id\":\"https:\/\/ybse.org.tr\/#organization\"},\"potentialAction\":[{\"@type\":\"SearchAction\",\"target\":{\"@type\":\"EntryPoint\",\"urlTemplate\":\"https:\/\/ybse.org.tr\/?s={search_term_string}\"},\"query-input\":{\"@type\":\"PropertyValueSpecification\",\"valueRequired\":true,\"valueName\":\"search_term_string\"}}],\"inLanguage\":\"tr\"},{\"@type\":\"Organization\",\"@id\":\"https:\/\/ybse.org.tr\/#organization\",\"name\":\"Y\u00f6netim Bili\u015fim Sistemleri Enstit\u00fcs\u00fc\",\"url\":\"https:\/\/ybse.org.tr\/\",\"logo\":{\"@type\":\"ImageObject\",\"inLanguage\":\"tr\",\"@id\":\"https:\/\/ybse.org.tr\/#\/schema\/logo\/image\/\",\"url\":\"https:\/\/ybse.org.tr\/wp-content\/uploads\/2025\/04\/cropped-YBSE_Logo-1.jpeg\",\"contentUrl\":\"https:\/\/ybse.org.tr\/wp-content\/uploads\/2025\/04\/cropped-YBSE_Logo-1.jpeg\",\"width\":100,\"height\":100,\"caption\":\"Y\u00f6netim Bili\u015fim Sistemleri Enstit\u00fcs\u00fc\"},\"image\":{\"@id\":\"https:\/\/ybse.org.tr\/#\/schema\/logo\/image\/\"}}]}<\/script>\n<!-- \/ Yoast SEO plugin. -->","yoast_head_json":{"title":"- Y\u00f6netim Bili\u015fim Sistemleri Enstit\u00fcs\u00fc","robots":{"index":"index","follow":"follow","max-snippet":"max-snippet:-1","max-image-preview":"max-image-preview:large","max-video-preview":"max-video-preview:-1"},"canonical":"https:\/\/ybse.org.tr\/?page_id=201","og_locale":"tr_TR","og_type":"article","og_title":"- Y\u00f6netim Bili\u015fim Sistemleri Enstit\u00fcs\u00fc","og_description":"DE\u00dc YBS OLARAK 12. KAMU B\u0130L\u0130\u015e\u0130M Z\u0130RVES\u0130\u2019NDEY\u0130Z. DE\u00dc YBS olarak 12. Kamu Bili\u015fim Zirvesi\u2019ndeyiz.600\u2019den fazla kamu bili\u015fim y\u00f6neticileri ve \u00f6zel sekt\u00f6r temsilcilerinin haz\u0131r bulundu\u011fu zirveye&#8220;GeoAI ile Gelece\u011fi \u015eekillendirmek: Co\u011frafi Bilgi Sistemlerinde Yapay Zekan\u0131n G\u00fcc\u00fc&#8221; ba\u015fl\u0131kl\u0131 sunum ile katk\u0131da bulunma imkan\u0131m\u0131z oldu.Prof.Dr. \u0130zzet G\u00f6khan \u00d6. \u2018in organize etti\u011fi Zirve organizasyonuna DE\u00dc YBS \u00f6\u011frencilerimiz ile katk\u0131 vermekten [&hellip;]","og_url":"https:\/\/ybse.org.tr\/?page_id=201","og_site_name":"Y\u00f6netim Bili\u015fim Sistemleri Enstit\u00fcs\u00fc","article_modified_time":"2025-04-14T21:06:49+00:00","og_image":[{"width":1837,"height":1536,"url":"https:\/\/ybse.org.tr\/wp-content\/uploads\/2025\/04\/1744446711235.jpeg","type":"image\/jpeg"}],"twitter_card":"summary_large_image","twitter_misc":{"Tahmini okuma s\u00fcresi":"2 dakika"},"schema":{"@context":"https:\/\/schema.org","@graph":[{"@type":"WebPage","@id":"https:\/\/ybse.org.tr\/?page_id=201","url":"https:\/\/ybse.org.tr\/?page_id=201","name":"- Y\u00f6netim Bili\u015fim Sistemleri Enstit\u00fcs\u00fc","isPartOf":{"@id":"https:\/\/ybse.org.tr\/#website"},"primaryImageOfPage":{"@id":"https:\/\/ybse.org.tr\/?page_id=201#primaryimage"},"image":{"@id":"https:\/\/ybse.org.tr\/?page_id=201#primaryimage"},"thumbnailUrl":"https:\/\/ybse.org.tr\/wp-content\/uploads\/2025\/04\/1744446711235-1024x856.jpeg","datePublished":"2025-04-14T20:53:32+00:00","dateModified":"2025-04-14T21:06:49+00:00","inLanguage":"tr","potentialAction":[{"@type":"ReadAction","target":["https:\/\/ybse.org.tr\/?page_id=201"]}]},{"@type":"ImageObject","inLanguage":"tr","@id":"https:\/\/ybse.org.tr\/?page_id=201#primaryimage","url":"https:\/\/ybse.org.tr\/wp-content\/uploads\/2025\/04\/1744446711235.jpeg","contentUrl":"https:\/\/ybse.org.tr\/wp-content\/uploads\/2025\/04\/1744446711235.jpeg","width":1837,"height":1536},{"@type":"WebSite","@id":"https:\/\/ybse.org.tr\/#website","url":"https:\/\/ybse.org.tr\/","name":"Y\u00f6netim Bili\u015fim Sistemleri Enstit\u00fcs\u00fc","description":"","publisher":{"@id":"https:\/\/ybse.org.tr\/#organization"},"potentialAction":[{"@type":"SearchAction","target":{"@type":"EntryPoint","urlTemplate":"https:\/\/ybse.org.tr\/?s={search_term_string}"},"query-input":{"@type":"PropertyValueSpecification","valueRequired":true,"valueName":"search_term_string"}}],"inLanguage":"tr"},{"@type":"Organization","@id":"https:\/\/ybse.org.tr\/#organization","name":"Y\u00f6netim Bili\u015fim Sistemleri Enstit\u00fcs\u00fc","url":"https:\/\/ybse.org.tr\/","logo":{"@type":"ImageObject","inLanguage":"tr","@id":"https:\/\/ybse.org.tr\/#\/schema\/logo\/image\/","url":"https:\/\/ybse.org.tr\/wp-content\/uploads\/2025\/04\/cropped-YBSE_Logo-1.jpeg","contentUrl":"https:\/\/ybse.org.tr\/wp-content\/uploads\/2025\/04\/cropped-YBSE_Logo-1.jpeg","width":100,"height":100,"caption":"Y\u00f6netim Bili\u015fim Sistemleri Enstit\u00fcs\u00fc"},"image":{"@id":"https:\/\/ybse.org.tr\/#\/schema\/logo\/image\/"}}]}},"_links":{"self":[{"href":"https:\/\/ybse.org.tr\/index.php?rest_route=\/wp\/v2\/pages\/201","targetHints":{"allow":["GET"]}}],"collection":[{"href":"https:\/\/ybse.org.tr\/index.php?rest_route=\/wp\/v2\/pages"}],"about":[{"href":"https:\/\/ybse.org.tr\/index.php?rest_route=\/wp\/v2\/types\/page"}],"author":[{"embeddable":true,"href":"https:\/\/ybse.org.tr\/index.php?rest_route=\/wp\/v2\/users\/3"}],"replies":[{"embeddable":true,"href":"https:\/\/ybse.org.tr\/index.php?rest_route=%2Fwp%2Fv2%2Fcomments&post=201"}],"version-history":[{"count":7,"href":"https:\/\/ybse.org.tr\/index.php?rest_route=\/wp\/v2\/pages\/201\/revisions"}],"predecessor-version":[{"id":214,"href":"https:\/\/ybse.org.tr\/index.php?rest_route=\/wp\/v2\/pages\/201\/revisions\/214"}],"wp:attachment":[{"href":"https:\/\/ybse.org.tr\/index.php?rest_route=%2Fwp%2Fv2%2Fmedia&parent=201"}],"curies":[{"name":"wp","href":"https:\/\/api.w.org\/{rel}","templated":true}]}}